[INFO] fetching crate requiem-files 0.2.1-r1...
[INFO] checking requiem-files-0.2.1-r1 against try#72f88fc4e9458f89516a0b8b0868f3718aec5b47 for pr-74989
[INFO] extracting crate requiem-files 0.2.1-r1 into /workspace/builds/worker-0/source
[INFO] validating manifest of crates.io crate requiem-files 0.2.1-r1 on toolchain 72f88fc4e9458f89516a0b8b0868f3718aec5b47
[INFO] running `Command { std: "/workspace/cargo-home/bin/cargo" "+72f88fc4e9458f89516a0b8b0868f3718aec5b47" "read-manifest" "--manifest-path" "Cargo.toml", kill_on_drop: false }`
[INFO] started tweaking crates.io crate requiem-files 0.2.1-r1
[INFO] finished tweaking crates.io crate requiem-files 0.2.1-r1
[INFO] tweaked toml for crates.io crate requiem-files 0.2.1-r1 written to /workspace/builds/worker-0/source/Cargo.toml
[INFO] running `Command { std: "/workspace/cargo-home/bin/cargo" "+72f88fc4e9458f89516a0b8b0868f3718aec5b47" "generate-lockfile" "--manifest-path" "Cargo.toml" "-Zno-index-update", kill_on_drop: false }`
[INFO] running `Command { std: "/workspace/cargo-home/bin/cargo" "+72f88fc4e9458f89516a0b8b0868f3718aec5b47" "fetch" "--locked" "--manifest-path" "Cargo.toml", kill_on_drop: false }`
[INFO] running `Command { std: "docker" "create" "-v" "/var/lib/crater-agent-workspace/builds/worker-0/target:/opt/rustwide/target:rw,Z" "-v" "/var/lib/crater-agent-workspace/builds/worker-0/source:/opt/rustwide/workdir:ro,Z" "-v" "/var/lib/crater-agent-workspace/cargo-home:/opt/rustwide/cargo-home:ro,Z" "-v" "/var/lib/crater-agent-workspace/rustup-home:/opt/rustwide/rustup-home:ro,Z" "-e" "SOURCE_DIR=/opt/rustwide/workdir" "-e" "CARGO_TARGET_DIR=/opt/rustwide/target" "-e" "CARGO_HOME=/opt/rustwide/cargo-home" "-e" "RUSTUP_HOME=/opt/rustwide/rustup-home" "-w" "/opt/rustwide/workdir" "-m" "1610612736" "--user" "0:0" "--network" "none" "rustops/crates-build-env@sha256:d92eaeed33fa75130ca1ee6c8a01d1ffb62bac859dfdfb3450e3e5d1c0146529" "/opt/rustwide/cargo-home/bin/cargo" "+72f88fc4e9458f89516a0b8b0868f3718aec5b47" "metadata" "--no-deps" "--format-version=1", kill_on_drop: false }`
[INFO] [stderr] WARNING: Your kernel does not support swap limit capabilities or the cgroup is not mounted. Memory limited without swap.
[INFO] [stdout] 108ba6afb19f9cece2d0683aaa574ede82c45e6fb31fff697e74c38a71e51f70
[INFO] running `Command { std: "docker" "start" "-a" "108ba6afb19f9cece2d0683aaa574ede82c45e6fb31fff697e74c38a71e51f70", kill_on_drop: false }`
[INFO] running `Command { std: "docker" "inspect" "108ba6afb19f9cece2d0683aaa574ede82c45e6fb31fff697e74c38a71e51f70", kill_on_drop: false }`
[INFO] running `Command { std: "docker" "rm" "-f" "108ba6afb19f9cece2d0683aaa574ede82c45e6fb31fff697e74c38a71e51f70", kill_on_drop: false }`
[INFO] [stdout] 108ba6afb19f9cece2d0683aaa574ede82c45e6fb31fff697e74c38a71e51f70
[INFO] running `Command { std: "docker" "create" "-v" "/var/lib/crater-agent-workspace/builds/worker-0/target:/opt/rustwide/target:rw,Z" "-v" "/var/lib/crater-agent-workspace/builds/worker-0/source:/opt/rustwide/workdir:ro,Z" "-v" "/var/lib/crater-agent-workspace/cargo-home:/opt/rustwide/cargo-home:ro,Z" "-v" "/var/lib/crater-agent-workspace/rustup-home:/opt/rustwide/rustup-home:ro,Z" "-e" "SOURCE_DIR=/opt/rustwide/workdir" "-e" "CARGO_TARGET_DIR=/opt/rustwide/target" "-e" "CARGO_INCREMENTAL=0" "-e" "RUST_BACKTRACE=full" "-e" "RUSTFLAGS=--cap-lints=forbid" "-e" "CARGO_HOME=/opt/rustwide/cargo-home" "-e" "RUSTUP_HOME=/opt/rustwide/rustup-home" "-w" "/opt/rustwide/workdir" "-m" "1610612736" "--user" "0:0" "--network" "none" "rustops/crates-build-env@sha256:d92eaeed33fa75130ca1ee6c8a01d1ffb62bac859dfdfb3450e3e5d1c0146529" "/opt/rustwide/cargo-home/bin/cargo" "+72f88fc4e9458f89516a0b8b0868f3718aec5b47" "check" "--frozen" "--all" "--all-targets" "--message-format=json", kill_on_drop: false }`
[INFO] [stdout] d0e589f2669b33f4024e9aa7a2065160bddd82966caec95224c3ffa8d28a9201
[INFO] [stderr] WARNING: Your kernel does not support swap limit capabilities or the cgroup is not mounted. Memory limited without swap.
[INFO] running `Command { std: "docker" "start" "-a" "d0e589f2669b33f4024e9aa7a2065160bddd82966caec95224c3ffa8d28a9201", kill_on_drop: false }`
[INFO] [stderr]    Compiling version_check v0.9.2
[INFO] [stderr]    Compiling version_check v0.1.5
[INFO] [stderr]    Compiling v_htmlescape v0.4.5
[INFO] [stderr]    Compiling brotli-sys v0.3.2
[INFO] [stderr]    Compiling memchr v2.3.3
[INFO] [stderr]     Checking openssl-sys v0.9.58
[INFO] [stderr]     Checking flate2 v1.0.17
[INFO] [stderr]    Compiling nom v4.2.3
[INFO] [stderr]    Compiling unicase v2.6.0
[INFO] [stderr]     Checking openssl v0.10.30
[INFO] [stderr]    Compiling mime_guess v2.0.3
[INFO] [stderr]    Compiling v_escape_derive v0.5.6
[INFO] [stderr]     Checking v_escape v0.7.4
[INFO] [stderr]     Checking tokio-openssl v0.4.0
[INFO] [stderr]     Checking requiem-connect v1.0.2
[INFO] [stderr]     Checking requiem-tls v1.0.0
[INFO] [stderr]     Checking brotli2 v0.3.2
[INFO] [stderr]     Checking requiem-http v1.0.1
[INFO] [stderr]     Checking requiem-wc v1.0.1
[INFO] [stderr]     Checking requiem-web v2.0.0-r2
[INFO] [stderr]     Checking requiem-files v0.2.1-r1 (/opt/rustwide/workdir)
[INFO] [stdout] error[E0433]: failed to resolve: use of undeclared type or module `actix_rt`
[INFO] [stdout]    --> src/lib.rs:658:5
[INFO] [stdout]     |
[INFO] [stdout] 658 |     #[requiem_rt::test]
[INFO] [stdout]     |     ^^^^^^^^^^^^^^^^^^^ not found in `actix_rt`
[INFO] [stdout]     |
[INFO] [stdout]     = note: this error originates in an attribute macro (in Nightly builds, run with -Z macro-backtrace for more info)
[INFO] [stdout] help: consider importing one of these items
[INFO] [stdout]     |
[INFO] [stdout] 643 |     use crate::tests::test::System;
[INFO] [stdout]     |
[INFO] [stdout] 643 |     use crate::tests::test::thread::thread::env::sys::alloc::System;
[INFO] [stdout]     |
[INFO] [stdout] 643 |     use requiem_rt::System;
[INFO] [stdout]     |
[INFO] [stdout] 643 |     use std::alloc::System;
[INFO] [stdout]     |
[INFO] [stdout] 
[INFO] [stdout] 
[INFO] [stdout] error[E0433]: failed to resolve: use of undeclared type or module `actix_rt`
[INFO] [stdout]    --> src/lib.rs:670:5
[INFO] [stdout]     |
[INFO] [stdout] 670 |     #[requiem_rt::test]
[INFO] [stdout]     |     ^^^^^^^^^^^^^^^^^^^ not found in `actix_rt`
[INFO] [stdout]     |
[INFO] [stdout]     = note: this error originates in an attribute macro (in Nightly builds, run with -Z macro-backtrace for more info)
[INFO] [stdout] help: consider importing one of these items
[INFO] [stdout]     |
[INFO] [stdout] 643 |     use crate::tests::test::System;
[INFO] [stdout]     |
[INFO] [stdout] 643 |     use crate::tests::test::thread::thread::env::sys::alloc::System;
[INFO] [stdout]     |
[INFO] [stdout] 643 |     use requiem_rt::System;
[INFO] [stdout]     |
[INFO] [stdout] 643 |     use std::alloc::System;
[INFO] [stdout]     |
[INFO] [stdout] 
[INFO] [stdout] 
[INFO] [stdout] error[E0433]: failed to resolve: use of undeclared type or module `actix_rt`
[INFO] [stdout]    --> src/lib.rs:683:5
[INFO] [stdout]     |
[INFO] [stdout] 683 |     #[requiem_rt::test]
[INFO] [stdout]     |     ^^^^^^^^^^^^^^^^^^^ not found in `actix_rt`
[INFO] [stdout]     |
[INFO] [stdout]     = note: this error originates in an attribute macro (in Nightly builds, run with -Z macro-backtrace for more info)
[INFO] [stdout] help: consider importing one of these items
[INFO] [stdout]     |
[INFO] [stdout] 643 |     use crate::tests::test::System;
[INFO] [stdout]     |
[INFO] [stdout] 643 |     use crate::tests::test::thread::thread::env::sys::alloc::System;
[INFO] [stdout]     |
[INFO] [stdout] 643 |     use requiem_rt::System;
[INFO] [stdout]     |
[INFO] [stdout] 643 |     use std::alloc::System;
[INFO] [stdout]     |
[INFO] [stdout] 
[INFO] [stdout] 
[INFO] [stdout] error[E0433]: failed to resolve: use of undeclared type or module `actix_rt`
[INFO] [stdout]    --> src/lib.rs:697:5
[INFO] [stdout]     |
[INFO] [stdout] 697 |     #[requiem_rt::test]
[INFO] [stdout]     |     ^^^^^^^^^^^^^^^^^^^ not found in `actix_rt`
[INFO] [stdout]     |
[INFO] [stdout]     = note: this error originates in an attribute macro (in Nightly builds, run with -Z macro-backtrace for more info)
[INFO] [stdout] help: consider importing one of these items
[INFO] [stdout]     |
[INFO] [stdout] 643 |     use crate::tests::test::System;
[INFO] [stdout]     |
[INFO] [stdout] 643 |     use crate::tests::test::thread::thread::env::sys::alloc::System;
[INFO] [stdout]     |
[INFO] [stdout] 643 |     use requiem_rt::System;
[INFO] [stdout]     |
[INFO] [stdout] 643 |     use std::alloc::System;
[INFO] [stdout]     |
[INFO] [stdout] 
[INFO] [stdout] 
[INFO] [stdout] error[E0433]: failed to resolve: use of undeclared type or module `actix_rt`
[INFO] [stdout]    --> src/lib.rs:721:5
[INFO] [stdout]     |
[INFO] [stdout] 721 |     #[requiem_rt::test]
[INFO] [stdout]     |     ^^^^^^^^^^^^^^^^^^^ not found in `actix_rt`
[INFO] [stdout]     |
[INFO] [stdout]     = note: this error originates in an attribute macro (in Nightly builds, run with -Z macro-backtrace for more info)
[INFO] [stdout] help: consider importing one of these items
[INFO] [stdout]     |
[INFO] [stdout] 643 |     use crate::tests::test::System;
[INFO] [stdout]     |
[INFO] [stdout] 643 |     use crate::tests::test::thread::thread::env::sys::alloc::System;
[INFO] [stdout]     |
[INFO] [stdout] 643 |     use requiem_rt::System;
[INFO] [stdout]     |
[INFO] [stdout] 643 |     use std::alloc::System;
[INFO] [stdout]     |
[INFO] [stdout] 
[INFO] [stdout] 
[INFO] [stdout] error[E0433]: failed to resolve: use of undeclared type or module `actix_rt`
[INFO] [stdout]    --> src/lib.rs:748:5
[INFO] [stdout]     |
[INFO] [stdout] 748 |     #[requiem_rt::test]
[INFO] [stdout]     |     ^^^^^^^^^^^^^^^^^^^ not found in `actix_rt`
[INFO] [stdout]     |
[INFO] [stdout]     = note: this error originates in an attribute macro (in Nightly builds, run with -Z macro-backtrace for more info)
[INFO] [stdout] help: consider importing one of these items
[INFO] [stdout]     |
[INFO] [stdout] 643 |     use crate::tests::test::System;
[INFO] [stdout]     |
[INFO] [stdout] 643 |     use crate::tests::test::thread::thread::env::sys::alloc::System;
[INFO] [stdout]     |
[INFO] [stdout] 643 |     use requiem_rt::System;
[INFO] [stdout]     |
[INFO] [stdout] 643 |     use std::alloc::System;
[INFO] [stdout]     |
[INFO] [stdout] 
[INFO] [stdout] 
[INFO] [stdout] error[E0433]: failed to resolve: use of undeclared type or module `actix_rt`
[INFO] [stdout]    --> src/lib.rs:773:5
[INFO] [stdout]     |
[INFO] [stdout] 773 |     #[requiem_rt::test]
[INFO] [stdout]     |     ^^^^^^^^^^^^^^^^^^^ not found in `actix_rt`
[INFO] [stdout]     |
[INFO] [stdout]     = note: this error originates in an attribute macro (in Nightly builds, run with -Z macro-backtrace for more info)
[INFO] [stdout] help: consider importing one of these items
[INFO] [stdout]     |
[INFO] [stdout] 643 |     use crate::tests::test::System;
[INFO] [stdout]     |
[INFO] [stdout] 643 |     use crate::tests::test::thread::thread::env::sys::alloc::System;
[INFO] [stdout]     |
[INFO] [stdout] 643 |     use requiem_rt::System;
[INFO] [stdout]     |
[INFO] [stdout] 643 |     use std::alloc::System;
[INFO] [stdout]     |
[INFO] [stdout] 
[INFO] [stdout] 
[INFO] [stdout] error[E0433]: failed to resolve: use of undeclared type or module `actix_rt`
[INFO] [stdout]    --> src/lib.rs:798:5
[INFO] [stdout]     |
[INFO] [stdout] 798 |     #[requiem_rt::test]
[INFO] [stdout]     |     ^^^^^^^^^^^^^^^^^^^ not found in `actix_rt`
[INFO] [stdout]     |
[INFO] [stdout]     = note: this error originates in an attribute macro (in Nightly builds, run with -Z macro-backtrace for more info)
[INFO] [stdout] help: consider importing one of these items
[INFO] [stdout]     |
[INFO] [stdout] 643 |     use crate::tests::test::System;
[INFO] [stdout]     |
[INFO] [stdout] 643 |     use crate::tests::test::thread::thread::env::sys::alloc::System;
[INFO] [stdout]     |
[INFO] [stdout] 643 |     use requiem_rt::System;
[INFO] [stdout]     |
[INFO] [stdout] 643 |     use std::alloc::System;
[INFO] [stdout]     |
[INFO] [stdout] 
[INFO] [stdout] 
[INFO] [stdout] error[E0433]: failed to resolve: use of undeclared type or module `actix_rt`
[INFO] [stdout]    --> src/lib.rs:821:5
[INFO] [stdout]     |
[INFO] [stdout] 821 |     #[requiem_rt::test]
[INFO] [stdout]     |     ^^^^^^^^^^^^^^^^^^^ not found in `actix_rt`
[INFO] [stdout]     |
[INFO] [stdout]     = note: this error originates in an attribute macro (in Nightly builds, run with -Z macro-backtrace for more info)
[INFO] [stdout] help: consider importing one of these items
[INFO] [stdout]     |
[INFO] [stdout] 643 |     use crate::tests::test::System;
[INFO] [stdout]     |
[INFO] [stdout] 643 |     use crate::tests::test::thread::thread::env::sys::alloc::System;
[INFO] [stdout]     |
[INFO] [stdout] 643 |     use requiem_rt::System;
[INFO] [stdout]     |
[INFO] [stdout] 643 |     use std::alloc::System;
[INFO] [stdout]     |
[INFO] [stdout] 
[INFO] [stdout] 
[INFO] [stdout] error[E0433]: failed to resolve: use of undeclared type or module `actix_rt`
[INFO] [stdout]    --> src/lib.rs:850:5
[INFO] [stdout]     |
[INFO] [stdout] 850 |     #[requiem_rt::test]
[INFO] [stdout]     |     ^^^^^^^^^^^^^^^^^^^ not found in `actix_rt`
[INFO] [stdout]     |
[INFO] [stdout]     = note: this error originates in an attribute macro (in Nightly builds, run with -Z macro-backtrace for more info)
[INFO] [stdout] help: consider importing one of these items
[INFO] [stdout]     |
[INFO] [stdout] 643 |     use crate::tests::test::System;
[INFO] [stdout]     |
[INFO] [stdout] 643 |     use crate::tests::test::thread::thread::env::sys::alloc::System;
[INFO] [stdout]     |
[INFO] [stdout] 643 |     use requiem_rt::System;
[INFO] [stdout]     |
[INFO] [stdout] 643 |     use std::alloc::System;
[INFO] [stdout]     |
[INFO] [stdout] 
[INFO] [stdout] 
[INFO] [stdout] error[E0433]: failed to resolve: use of undeclared type or module `actix_rt`
[INFO] [stdout]    --> src/lib.rs:873:5
[INFO] [stdout]     |
[INFO] [stdout] 873 |     #[requiem_rt::test]
[INFO] [stdout]     |     ^^^^^^^^^^^^^^^^^^^ not found in `actix_rt`
[INFO] [stdout]     |
[INFO] [stdout]     = note: this error originates in an attribute macro (in Nightly builds, run with -Z macro-backtrace for more info)
[INFO] [stdout] help: consider importing one of these items
[INFO] [stdout]     |
[INFO] [stdout] 643 |     use crate::tests::test::System;
[INFO] [stdout]     |
[INFO] [stdout] 643 |     use crate::tests::test::thread::thread::env::sys::alloc::System;
[INFO] [stdout]     |
[INFO] [stdout] 643 |     use requiem_rt::System;
[INFO] [stdout]     |
[INFO] [stdout] 643 |     use std::alloc::System;
[INFO] [stdout]     |
[INFO] [stdout] 
[INFO] [stdout] 
[INFO] [stdout] error[E0433]: failed to resolve: use of undeclared type or module `actix_rt`
[INFO] [stdout]    --> src/lib.rs:899:5
[INFO] [stdout]     |
[INFO] [stdout] 899 |     #[requiem_rt::test]
[INFO] [stdout]     |     ^^^^^^^^^^^^^^^^^^^ not found in `actix_rt`
[INFO] [stdout]     |
[INFO] [stdout]     = note: this error originates in an attribute macro (in Nightly builds, run with -Z macro-backtrace for more info)
[INFO] [stdout] help: consider importing one of these items
[INFO] [stdout]     |
[INFO] [stdout] 643 |     use crate::tests::test::System;
[INFO] [stdout]     |
[INFO] [stdout] 643 |     use crate::tests::test::thread::thread::env::sys::alloc::System;
[INFO] [stdout]     |
[INFO] [stdout] 643 |     use requiem_rt::System;
[INFO] [stdout]     |
[INFO] [stdout] 643 |     use std::alloc::System;
[INFO] [stdout]     |
[INFO] [stdout] 
[INFO] [stdout] 
[INFO] [stdout] error[E0433]: failed to resolve: use of undeclared type or module `actix_rt`
[INFO] [stdout]    --> src/lib.rs:928:5
[INFO] [stdout]     |
[INFO] [stdout] 928 |     #[requiem_rt::test]
[INFO] [stdout]     |     ^^^^^^^^^^^^^^^^^^^ not found in `actix_rt`
[INFO] [stdout]     |
[INFO] [stdout]     = note: this error originates in an attribute macro (in Nightly builds, run with -Z macro-backtrace for more info)
[INFO] [stdout] help: consider importing one of these items
[INFO] [stdout]     |
[INFO] [stdout] 643 |     use crate::tests::test::System;
[INFO] [stdout]     |
[INFO] [stdout] 643 |     use crate::tests::test::thread::thread::env::sys::alloc::System;
[INFO] [stdout]     |
[INFO] [stdout] 643 |     use requiem_rt::System;
[INFO] [stdout]     |
[INFO] [stdout] 643 |     use std::alloc::System;
[INFO] [stdout]     |
[INFO] [stdout] 
[INFO] [stdout] 
[INFO] [stdout] error[E0433]: failed to resolve: use of undeclared type or module `actix_rt`
[INFO] [stdout]    --> src/lib.rs:953:5
[INFO] [stdout]     |
[INFO] [stdout] 953 |     #[requiem_rt::test]
[INFO] [stdout]     |     ^^^^^^^^^^^^^^^^^^^ not found in `actix_rt`
[INFO] [stdout]     |
[INFO] [stdout]     = note: this error originates in an attribute macro (in Nightly builds, run with -Z macro-backtrace for more info)
[INFO] [stdout] help: consider importing one of these items
[INFO] [stdout]     |
[INFO] [stdout] 643 |     use crate::tests::test::System;
[INFO] [stdout]     |
[INFO] [stdout] 643 |     use crate::tests::test::thread::thread::env::sys::alloc::System;
[INFO] [stdout]     |
[INFO] [stdout] 643 |     use requiem_rt::System;
[INFO] [stdout]     |
[INFO] [stdout] 643 |     use std::alloc::System;
[INFO] [stdout]     |
[INFO] [stdout] 
[INFO] [stdout] 
[INFO] [stdout] error[E0433]: failed to resolve: use of undeclared type or module `actix_rt`
[INFO] [stdout]    --> src/lib.rs:993:5
[INFO] [stdout]     |
[INFO] [stdout] 993 |     #[requiem_rt::test]
[INFO] [stdout]     |     ^^^^^^^^^^^^^^^^^^^ not found in `actix_rt`
[INFO] [stdout]     |
[INFO] [stdout]     = note: this error originates in an attribute macro (in Nightly builds, run with -Z macro-backtrace for more info)
[INFO] [stdout] help: consider importing one of these items
[INFO] [stdout]     |
[INFO] [stdout] 643 |     use crate::tests::test::System;
[INFO] [stdout]     |
[INFO] [stdout] 643 |     use crate::tests::test::thread::thread::env::sys::alloc::System;
[INFO] [stdout]     |
[INFO] [stdout] 643 |     use requiem_rt::System;
[INFO] [stdout]     |
[INFO] [stdout] 643 |     use std::alloc::System;
[INFO] [stdout]     |
[INFO] [stdout] 
[INFO] [stdout] 
[INFO] [stdout] error[E0433]: failed to resolve: use of undeclared type or module `actix_rt`
[INFO] [stdout]     --> src/lib.rs:1062:5
[INFO] [stdout]      |
[INFO] [stdout] 1062 |     #[requiem_rt::test]
[INFO] [stdout]      |     ^^^^^^^^^^^^^^^^^^^ not found in `actix_rt`
[INFO] [stdout]      |
[INFO] [stdout]      = note: this error originates in an attribute macro (in Nightly builds, run with -Z macro-backtrace for more info)
[INFO] [stdout] help: consider importing one of these items
[INFO] [stdout]      |
[INFO] [stdout] 643  |     use crate::tests::test::System;
[INFO] [stdout]      |
[INFO] [stdout] 643  |     use crate::tests::test::thread::thread::env::sys::alloc::System;
[INFO] [stdout]      |
[INFO] [stdout] 643  |     use requiem_rt::System;
[INFO] [stdout]      |
[INFO] [stdout] 643  |     use std::alloc::System;
[INFO] [stdout]      |
[INFO] [stdout] 
[INFO] [stdout] 
[INFO] [stdout] error[E0433]: failed to resolve: use of undeclared type or module `actix_rt`
[INFO] [stdout]     --> src/lib.rs:1086:5
[INFO] [stdout]      |
[INFO] [stdout] 1086 |     #[requiem_rt::test]
[INFO] [stdout]      |     ^^^^^^^^^^^^^^^^^^^ not found in `actix_rt`
[INFO] [stdout]      |
[INFO] [stdout]      = note: this error originates in an attribute macro (in Nightly builds, run with -Z macro-backtrace for more info)
[INFO] [stdout] help: consider importing one of these items
[INFO] [stdout]      |
[INFO] [stdout] 643  |     use crate::tests::test::System;
[INFO] [stdout]      |
[INFO] [stdout] 643  |     use crate::tests::test::thread::thread::env::sys::alloc::System;
[INFO] [stdout]      |
[INFO] [stdout] 643  |     use requiem_rt::System;
[INFO] [stdout]      |
[INFO] [stdout] 643  |     use std::alloc::System;
[INFO] [stdout]      |
[INFO] [stdout] 
[INFO] [stdout] 
[INFO] [stdout] error[E0433]: failed to resolve: use of undeclared type or module `actix_rt`
[INFO] [stdout]     --> src/lib.rs:1103:5
[INFO] [stdout]      |
[INFO] [stdout] 1103 |     #[requiem_rt::test]
[INFO] [stdout]      |     ^^^^^^^^^^^^^^^^^^^ not found in `actix_rt`
[INFO] [stdout]      |
[INFO] [stdout]      = note: this error originates in an attribute macro (in Nightly builds, run with -Z macro-backtrace for more info)
[INFO] [stdout] help: consider importing one of these items
[INFO] [stdout]      |
[INFO] [stdout] 643  |     use crate::tests::test::System;
[INFO] [stdout]      |
[INFO] [stdout] 643  |     use crate::tests::test::thread::thread::env::sys::alloc::System;
[INFO] [stdout]      |
[INFO] [stdout] 643  |     use requiem_rt::System;
[INFO] [stdout]      |
[INFO] [stdout] 643  |     use std::alloc::System;
[INFO] [stdout]      |
[INFO] [stdout] 
[INFO] [stdout] 
[INFO] [stdout] error[E0433]: failed to resolve: use of undeclared type or module `actix_rt`
[INFO] [stdout]     --> src/lib.rs:1124:5
[INFO] [stdout]      |
[INFO] [stdout] 1124 |     #[requiem_rt::test]
[INFO] [stdout]      |     ^^^^^^^^^^^^^^^^^^^ not found in `actix_rt`
[INFO] [stdout]      |
[INFO] [stdout]      = note: this error originates in an attribute macro (in Nightly builds, run with -Z macro-backtrace for more info)
[INFO] [stdout] help: consider importing one of these items
[INFO] [stdout]      |
[INFO] [stdout] 643  |     use crate::tests::test::System;
[INFO] [stdout]      |
[INFO] [stdout] 643  |     use crate::tests::test::thread::thread::env::sys::alloc::System;
[INFO] [stdout]      |
[INFO] [stdout] 643  |     use requiem_rt::System;
[INFO] [stdout]      |
[INFO] [stdout] 643  |     use std::alloc::System;
[INFO] [stdout]      |
[INFO] [stdout] 
[INFO] [stdout] 
[INFO] [stdout] error[E0433]: failed to resolve: use of undeclared type or module `actix_rt`
[INFO] [stdout]     --> src/lib.rs:1140:5
[INFO] [stdout]      |
[INFO] [stdout] 1140 |     #[requiem_rt::test]
[INFO] [stdout]      |     ^^^^^^^^^^^^^^^^^^^ not found in `actix_rt`
[INFO] [stdout]      |
[INFO] [stdout]      = note: this error originates in an attribute macro (in Nightly builds, run with -Z macro-backtrace for more info)
[INFO] [stdout] help: consider importing one of these items
[INFO] [stdout]      |
[INFO] [stdout] 643  |     use crate::tests::test::System;
[INFO] [stdout]      |
[INFO] [stdout] 643  |     use crate::tests::test::thread::thread::env::sys::alloc::System;
[INFO] [stdout]      |
[INFO] [stdout] 643  |     use requiem_rt::System;
[INFO] [stdout]      |
[INFO] [stdout] 643  |     use std::alloc::System;
[INFO] [stdout]      |
[INFO] [stdout] 
[INFO] [stdout] 
[INFO] [stdout] error[E0433]: failed to resolve: use of undeclared type or module `actix_rt`
[INFO] [stdout]     --> src/lib.rs:1162:5
[INFO] [stdout]      |
[INFO] [stdout] 1162 |     #[requiem_rt::test]
[INFO] [stdout]      |     ^^^^^^^^^^^^^^^^^^^ not found in `actix_rt`
[INFO] [stdout]      |
[INFO] [stdout]      = note: this error originates in an attribute macro (in Nightly builds, run with -Z macro-backtrace for more info)
[INFO] [stdout] help: consider importing one of these items
[INFO] [stdout]      |
[INFO] [stdout] 643  |     use crate::tests::test::System;
[INFO] [stdout]      |
[INFO] [stdout] 643  |     use crate::tests::test::thread::thread::env::sys::alloc::System;
[INFO] [stdout]      |
[INFO] [stdout] 643  |     use requiem_rt::System;
[INFO] [stdout]      |
[INFO] [stdout] 643  |     use std::alloc::System;
[INFO] [stdout]      |
[INFO] [stdout] 
[INFO] [stdout] 
[INFO] [stdout] error[E0433]: failed to resolve: use of undeclared type or module `actix_rt`
[INFO] [stdout]     --> src/lib.rs:1191:5
[INFO] [stdout]      |
[INFO] [stdout] 1191 |     #[requiem_rt::test]
[INFO] [stdout]      |     ^^^^^^^^^^^^^^^^^^^ not found in `actix_rt`
[INFO] [stdout]      |
[INFO] [stdout]      = note: this error originates in an attribute macro (in Nightly builds, run with -Z macro-backtrace for more info)
[INFO] [stdout] help: consider importing one of these items
[INFO] [stdout]      |
[INFO] [stdout] 643  |     use crate::tests::test::System;
[INFO] [stdout]      |
[INFO] [stdout] 643  |     use crate::tests::test::thread::thread::env::sys::alloc::System;
[INFO] [stdout]      |
[INFO] [stdout] 643  |     use requiem_rt::System;
[INFO] [stdout]      |
[INFO] [stdout] 643  |     use std::alloc::System;
[INFO] [stdout]      |
[INFO] [stdout] 
[INFO] [stdout] 
[INFO] [stdout] error[E0433]: failed to resolve: use of undeclared type or module `actix_rt`
[INFO] [stdout]     --> src/lib.rs:1199:5
[INFO] [stdout]      |
[INFO] [stdout] 1199 |     #[requiem_rt::test]
[INFO] [stdout]      |     ^^^^^^^^^^^^^^^^^^^ not found in `actix_rt`
[INFO] [stdout]      |
[INFO] [stdout]      = note: this error originates in an attribute macro (in Nightly builds, run with -Z macro-backtrace for more info)
[INFO] [stdout] help: consider importing one of these items
[INFO] [stdout]      |
[INFO] [stdout] 643  |     use crate::tests::test::System;
[INFO] [stdout]      |
[INFO] [stdout] 643  |     use crate::tests::test::thread::thread::env::sys::alloc::System;
[INFO] [stdout]      |
[INFO] [stdout] 643  |     use requiem_rt::System;
[INFO] [stdout]      |
[INFO] [stdout] 643  |     use std::alloc::System;
[INFO] [stdout]      |
[INFO] [stdout] 
[INFO] [stdout] 
[INFO] [stdout] error[E0433]: failed to resolve: use of undeclared type or module `actix_rt`
[INFO] [stdout]     --> src/lib.rs:1231:5
[INFO] [stdout]      |
[INFO] [stdout] 1231 |     #[requiem_rt::test]
[INFO] [stdout]      |     ^^^^^^^^^^^^^^^^^^^ not found in `actix_rt`
[INFO] [stdout]      |
[INFO] [stdout]      = note: this error originates in an attribute macro (in Nightly builds, run with -Z macro-backtrace for more info)
[INFO] [stdout] help: consider importing one of these items
[INFO] [stdout]      |
[INFO] [stdout] 643  |     use crate::tests::test::System;
[INFO] [stdout]      |
[INFO] [stdout] 643  |     use crate::tests::test::thread::thread::env::sys::alloc::System;
[INFO] [stdout]      |
[INFO] [stdout] 643  |     use requiem_rt::System;
[INFO] [stdout]      |
[INFO] [stdout] 643  |     use std::alloc::System;
[INFO] [stdout]      |
[INFO] [stdout] 
[INFO] [stdout] 
[INFO] [stdout] error[E0433]: failed to resolve: use of undeclared type or module `actix_rt`
[INFO] [stdout]     --> src/lib.rs:1261:5
[INFO] [stdout]      |
[INFO] [stdout] 1261 |     #[requiem_rt::test]
[INFO] [stdout]      |     ^^^^^^^^^^^^^^^^^^^ not found in `actix_rt`
[INFO] [stdout]      |
[INFO] [stdout]      = note: this error originates in an attribute macro (in Nightly builds, run with -Z macro-backtrace for more info)
[INFO] [stdout] help: consider importing one of these items
[INFO] [stdout]      |
[INFO] [stdout] 643  |     use crate::tests::test::System;
[INFO] [stdout]      |
[INFO] [stdout] 643  |     use crate::tests::test::thread::thread::env::sys::alloc::System;
[INFO] [stdout]      |
[INFO] [stdout] 643  |     use requiem_rt::System;
[INFO] [stdout]      |
[INFO] [stdout] 643  |     use std::alloc::System;
[INFO] [stdout]      |
[INFO] [stdout] 
[INFO] [stdout] 
[INFO] [stdout] error[E0433]: failed to resolve: use of undeclared type or module `actix_rt`
[INFO] [stdout]     --> src/lib.rs:1267:5
[INFO] [stdout]      |
[INFO] [stdout] 1267 |     #[requiem_rt::test]
[INFO] [stdout]      |     ^^^^^^^^^^^^^^^^^^^ not found in `actix_rt`
[INFO] [stdout]      |
[INFO] [stdout]      = note: this error originates in an attribute macro (in Nightly builds, run with -Z macro-backtrace for more info)
[INFO] [stdout] help: consider importing one of these items
[INFO] [stdout]      |
[INFO] [stdout] 643  |     use crate::tests::test::System;
[INFO] [stdout]      |
[INFO] [stdout] 643  |     use crate::tests::test::thread::thread::env::sys::alloc::System;
[INFO] [stdout]      |
[INFO] [stdout] 643  |     use requiem_rt::System;
[INFO] [stdout]      |
[INFO] [stdout] 643  |     use std::alloc::System;
[INFO] [stdout]      |
[INFO] [stdout] 
[INFO] [stdout] 
[INFO] [stdout] error[E0433]: failed to resolve: use of undeclared type or module `actix_rt`
[INFO] [stdout]     --> src/lib.rs:1398:5
[INFO] [stdout]      |
[INFO] [stdout] 1398 |     #[requiem_rt::test]
[INFO] [stdout]      |     ^^^^^^^^^^^^^^^^^^^ not found in `actix_rt`
[INFO] [stdout]      |
[INFO] [stdout]      = note: this error originates in an attribute macro (in Nightly builds, run with -Z macro-backtrace for more info)
[INFO] [stdout] help: consider importing one of these items
[INFO] [stdout]      |
[INFO] [stdout] 643  |     use crate::tests::test::System;
[INFO] [stdout]      |
[INFO] [stdout] 643  |     use crate::tests::test::thread::thread::env::sys::alloc::System;
[INFO] [stdout]      |
[INFO] [stdout] 643  |     use requiem_rt::System;
[INFO] [stdout]      |
[INFO] [stdout] 643  |     use std::alloc::System;
[INFO] [stdout]      |
[INFO] [stdout] 
[INFO] [stdout] 
[INFO] [stdout] warning: variant is never constructed: `IsNotDirectory`
[INFO] [stdout]  --> src/error.rs:9:5
[INFO] [stdout]   |
[INFO] [stdout] 9 |     IsNotDirectory,
[INFO] [stdout]   |     ^^^^^^^^^^^^^^
[INFO] [stdout]   |
[INFO] [stdout]   = note: `#[warn(dead_code)]` on by default
[INFO] [stdout] 
[INFO] [stdout] 
[INFO] [stdout] warning: 1 warning emitted
[INFO] [stdout] 
[INFO] [stdout] 
[INFO] [stdout] error: aborting due to 27 previous errors
[INFO] [stdout] 
[INFO] [stdout] 
[INFO] [stdout] For more information about this error, try `rustc --explain E0433`.
[INFO] [stdout] 
[INFO] [stderr] error: could not compile `requiem-files`.
[INFO] [stderr] 
[INFO] [stderr] To learn more, run the command again with --verbose.
[INFO] running `Command { std: "docker" "inspect" "d0e589f2669b33f4024e9aa7a2065160bddd82966caec95224c3ffa8d28a9201", kill_on_drop: false }`
[INFO] running `Command { std: "docker" "rm" "-f" "d0e589f2669b33f4024e9aa7a2065160bddd82966caec95224c3ffa8d28a9201", kill_on_drop: false }`
[INFO] [stdout] d0e589f2669b33f4024e9aa7a2065160bddd82966caec95224c3ffa8d28a9201
